{"id":1472,"date":"2021-04-08T18:55:55","date_gmt":"2021-04-08T18:55:55","guid":{"rendered":"https:\/\/bhvayu.com\/?page_id=1472"},"modified":"2021-04-17T05:57:29","modified_gmt":"2021-04-17T05:57:29","slug":"reflexoterapia","status":"publish","type":"page","link":"https:\/\/bhvayu.com\/index.php\/reflexoterapia\/","title":{"rendered":"Testimonios"},"content":{"rendered":"\t\t<div data-elementor-type=\"wp-page\" data-elementor-id=\"1472\" class=\"elementor elementor-1472\" data-elementor-settings=\"[]\">\n\t\t\t\t\t\t\t<div class=\"elementor-section-wrap\">\n\t\t\t\t\t\t\t<section class=\"elementor-section elementor-top-section elementor-element elementor-element-c8c3ce8 elementor-section-height-min-height elementor-section-boxed elementor-section-height-default elementor-section-items-middle\" data-id=\"c8c3ce8\" data-element_type=\"section\" data-settings=\"{&quot;background_background&quot;:&quot;classic&quot;}\">\n\t\t\t\t\t\t\t<div class=\"elementor-background-overlay\"><\/div>\n\t\t\t\t\t\t\t<div class=\"elementor-container elementor-column-gap-no\">\n\t\t\t\t\t<div class=\"elementor-column elementor-col-100 elementor-top-column elementor-element elementor-element-eb7b7dc\" data-id=\"eb7b7dc\" data-element_type=\"column\">\n\t\t\t<div class=\"elementor-widget-wrap elementor-element-populated\">\n\t\t\t\t\t\t\t\t<div class=\"elementor-element elementor-element-5e286b8 elementor-widget elementor-widget-heading\" data-id=\"5e286b8\" data-element_type=\"widget\" data-widget_type=\"heading.default\">\n\t\t\t\t<div class=\"elementor-widget-container\">\n\t\t\t<h1 class=\"elementor-heading-title elementor-size-default\">Testimonios<\/h1>\t\t<\/div>\n\t\t\t\t<\/div>\n\t\t\t\t\t<\/div>\n\t\t<\/div>\n\t\t\t\t\t\t\t<\/div>\n\t\t<\/section>\n\t\t\t\t<section class=\"elementor-section elementor-top-section elementor-element elementor-element-75cfac4 elementor-section-boxed elementor-section-height-default elementor-section-height-default\" data-id=\"75cfac4\" data-element_type=\"section\">\n\t\t\t\t\t\t<div class=\"elementor-container elementor-column-gap-default\">\n\t\t\t\t\t<div class=\"elementor-column elementor-col-100 elementor-top-column elementor-element elementor-element-bcc9391\" data-id=\"bcc9391\" data-element_type=\"column\">\n\t\t\t<div class=\"elementor-widget-wrap elementor-element-populated\">\n\t\t\t\t\t\t\t\t<div class=\"elementor-element elementor-element-f21738f elementor-widget elementor-widget-spacer\" data-id=\"f21738f\" data-element_type=\"widget\" data-widget_type=\"spacer.default\">\n\t\t\t\t<div class=\"elementor-widget-container\">\n\t\t\t\t\t<div class=\"elementor-spacer\">\n\t\t\t<div class=\"elementor-spacer-inner\"><\/div>\n\t\t<\/div>\n\t\t\t\t<\/div>\n\t\t\t\t<\/div>\n\t\t\t\t<section class=\"elementor-section elementor-inner-section elementor-element elementor-element-7dddb62 elementor-section-boxed elementor-section-height-default elementor-section-height-default\" data-id=\"7dddb62\" data-element_type=\"section\">\n\t\t\t\t\t\t\t<div class=\"elementor-background-overlay\"><\/div>\n\t\t\t\t\t\t\t<div class=\"elementor-container elementor-column-gap-default\">\n\t\t\t\t\t<div class=\"elementor-column elementor-col-100 elementor-inner-column elementor-element elementor-element-3ecdd61\" data-id=\"3ecdd61\" data-element_type=\"column\">\n\t\t\t<div class=\"elementor-widget-wrap\">\n\t\t\t\t\t\t\t\t\t<\/div>\n\t\t<\/div>\n\t\t\t\t\t\t\t<\/div>\n\t\t<\/section>\n\t\t\t\t<div class=\"elementor-element elementor-element-5f4e466 elementor-widget elementor-widget-spacer\" data-id=\"5f4e466\" data-element_type=\"widget\" data-widget_type=\"spacer.default\">\n\t\t\t\t<div class=\"elementor-widget-container\">\n\t\t\t\t\t<div class=\"elementor-spacer\">\n\t\t\t<div class=\"elementor-spacer-inner\"><\/div>\n\t\t<\/div>\n\t\t\t\t<\/div>\n\t\t\t\t<\/div>\n\t\t\t\t<section class=\"elementor-section elementor-inner-section elementor-element elementor-element-2a5a60a elementor-section-boxed elementor-section-height-default elementor-section-height-default\" data-id=\"2a5a60a\" data-element_type=\"section\">\n\t\t\t\t\t\t\t<div class=\"elementor-background-overlay\"><\/div>\n\t\t\t\t\t\t\t<div class=\"elementor-container elementor-column-gap-default\">\n\t\t\t\t\t<div class=\"elementor-column elementor-col-50 elementor-inner-column elementor-element elementor-element-603013e\" data-id=\"603013e\" data-element_type=\"column\">\n\t\t\t<div class=\"elementor-widget-wrap elementor-element-populated\">\n\t\t\t\t\t\t\t\t<div class=\"elementor-element elementor-element-cd4c383 elementor-widget elementor-widget-image\" data-id=\"cd4c383\" data-element_type=\"widget\" data-widget_type=\"image.default\">\n\t\t\t\t<div class=\"elementor-widget-container\">\n\t\t\t\t\t<div class=\"elementor-image\">\n\t\t\t\t\t\t\t\t\t\t<img loading=\"lazy\" decoding=\"async\" width=\"150\" height=\"150\" src=\"https:\/\/bhvayu.com\/wp-content\/uploads\/2021\/04\/WhatsApp-Image-2021-04-08-at-15.47.08-150x150.jpeg\" class=\"attachment-thumbnail size-thumbnail\" alt=\"\" \/>\t\t\t\t\t\t\t\t\t\t\t<\/div>\n\t\t\t\t<\/div>\n\t\t\t\t<\/div>\n\t\t\t\t\t<\/div>\n\t\t<\/div>\n\t\t\t\t<div class=\"elementor-column elementor-col-50 elementor-inner-column elementor-element elementor-element-078b0f4\" data-id=\"078b0f4\" data-element_type=\"column\">\n\t\t\t<div class=\"elementor-widget-wrap elementor-element-populated\">\n\t\t\t\t\t\t\t\t<div class=\"elementor-element elementor-element-9540ffa elementor-widget elementor-widget-text-editor\" data-id=\"9540ffa\" data-element_type=\"widget\" data-widget_type=\"text-editor.default\">\n\t\t\t\t<div class=\"elementor-widget-container\">\n\t\t\t\t\t<div class=\"elementor-text-editor elementor-clearfix\"><p>\u00a0<\/p><p>Siempre he padecido de Ci\u00e1tica y no se me terminaba de ir con nada. Me hablaron de Bel\u00e9n, y pese a que no tenia demasiadas esperanzas en la reflexoterapia me ha ido genial cada vez que lo he necesitado. Es una gran profesi\u00f3n y sin duda esta t\u00e9cnica a mi me ha ido de maravilla.\u00a0<\/p><p>Os la recomiendo 100%.<\/p><p>\u00a0<\/p><p>Francisco L\u00f3pez Albaladejo<\/p><\/div>\n\t\t\t\t<\/div>\n\t\t\t\t<\/div>\n\t\t\t\t\t<\/div>\n\t\t<\/div>\n\t\t\t\t\t\t\t<\/div>\n\t\t<\/section>\n\t\t\t\t<div class=\"elementor-element elementor-element-e51d391 elementor-widget elementor-widget-spacer\" data-id=\"e51d391\" data-element_type=\"widget\" data-widget_type=\"spacer.default\">\n\t\t\t\t<div class=\"elementor-widget-container\">\n\t\t\t\t\t<div class=\"elementor-spacer\">\n\t\t\t<div class=\"elementor-spacer-inner\"><\/div>\n\t\t<\/div>\n\t\t\t\t<\/div>\n\t\t\t\t<\/div>\n\t\t\t\t<section class=\"elementor-section elementor-inner-section elementor-element elementor-element-643407a elementor-section-boxed elementor-section-height-default elementor-section-height-default\" data-id=\"643407a\" data-element_type=\"section\">\n\t\t\t\t\t\t\t<div class=\"elementor-background-overlay\"><\/div>\n\t\t\t\t\t\t\t<div class=\"elementor-container elementor-column-gap-default\">\n\t\t\t\t\t<div class=\"elementor-column elementor-col-50 elementor-inner-column elementor-element elementor-element-3fe5eea\" data-id=\"3fe5eea\" data-element_type=\"column\">\n\t\t\t<div class=\"elementor-widget-wrap elementor-element-populated\">\n\t\t\t\t\t\t\t\t<div class=\"elementor-element elementor-element-a3c3931 elementor-widget elementor-widget-image\" data-id=\"a3c3931\" data-element_type=\"widget\" data-widget_type=\"image.default\">\n\t\t\t\t<div class=\"elementor-widget-container\">\n\t\t\t\t\t<div class=\"elementor-image\">\n\t\t\t\t\t\t\t\t\t\t<img loading=\"lazy\" decoding=\"async\" width=\"148\" height=\"300\" src=\"https:\/\/bhvayu.com\/wp-content\/uploads\/2021\/04\/WhatsApp-Image-2021-04-08-at-16.34.36-148x300.jpeg\" class=\"attachment-medium size-medium\" alt=\"\" srcset=\"https:\/\/bhvayu.com\/wp-content\/uploads\/2021\/04\/WhatsApp-Image-2021-04-08-at-16.34.36-148x300.jpeg 148w, https:\/\/bhvayu.com\/wp-content\/uploads\/2021\/04\/WhatsApp-Image-2021-04-08-at-16.34.36-506x1024.jpeg 506w, https:\/\/bhvayu.com\/wp-content\/uploads\/2021\/04\/WhatsApp-Image-2021-04-08-at-16.34.36-768x1556.jpeg 768w, https:\/\/bhvayu.com\/wp-content\/uploads\/2021\/04\/WhatsApp-Image-2021-04-08-at-16.34.36-758x1536.jpeg 758w, https:\/\/bhvayu.com\/wp-content\/uploads\/2021\/04\/WhatsApp-Image-2021-04-08-at-16.34.36.jpeg 1011w\" sizes=\"auto, (max-width: 148px) 100vw, 148px\" \/>\t\t\t\t\t\t\t\t\t\t\t<\/div>\n\t\t\t\t<\/div>\n\t\t\t\t<\/div>\n\t\t\t\t\t<\/div>\n\t\t<\/div>\n\t\t\t\t<div class=\"elementor-column elementor-col-50 elementor-inner-column elementor-element elementor-element-e74146f\" data-id=\"e74146f\" data-element_type=\"column\">\n\t\t\t<div class=\"elementor-widget-wrap elementor-element-populated\">\n\t\t\t\t\t\t\t\t<div class=\"elementor-element elementor-element-657988e elementor-widget elementor-widget-text-editor\" data-id=\"657988e\" data-element_type=\"widget\" data-widget_type=\"text-editor.default\">\n\t\t\t\t<div class=\"elementor-widget-container\">\n\t\t\t\t\t<div class=\"elementor-text-editor elementor-clearfix\"><p style=\"text-align: right; padding-left: 40px;\">\u00a0<\/p><p>Querida Bel\u00e9n<\/p><p>Me pides que explique que han supuesto para mi tus\u00a0 masajes, y la verdad no s\u00e9 muy bien c\u00f3mo hacerlo. Es dif\u00edcil transmitirlo solo con palabras.<\/p><p>B\u00e1sicamente hemos cambiado mi forma de enfocar la vida. Ha sido algo progresivo, sin estridencias ni cambios bruscos.<\/p><p>Poco a poco comenc\u00e9 a sentirme mejor conmigo mismo, a quererme un poco m\u00e1s. Quiz\u00e1 por eso tambi\u00e9n comenz\u00f3 a cambiar mi percepci\u00f3n de la vida que me rodea.<\/p><p>Situaciones comunes de la vida diaria que antes me parec\u00edan monta\u00f1as, poco a poco fueron disminuyendo de tama\u00f1o, hasta convertirse en una circunstancia m\u00e1s, que se resuelve simplemente enfrent\u00e1ndome a ella, pero sin gran esfuerzo, con total naturalidad.<\/p><p>Paulatinamente, y sin que yo me diera cuenta, mi permanente estado de negatividad, se ha ido transformando en una positividad natural, nada de estados de euforia o altibajos emocionales, al contrario, insisto en el t\u00e9rmino \u201cpositividad natural\u201d.<\/p><p>\u00daltimamente tengo la sensaci\u00f3n de haber soltado un lastre, no s\u00e9 muy bien c\u00f3mo explicarte esto. Tengo la sensaci\u00f3n de haber soltado algo que pesaba mucho y que me frenaba. Ahora hay muy pocas cosas que me den pereza.<\/p><p>\u00a0\u00a0\u00a0\u00a0\u00a0\u00a0\u00a0\u00a0\u00a0\u00a0\u00a0 Me has ayudado mucho m\u00e1s de lo que imaginas.<\/p><p>\u00a0\u00a0\u00a0\u00a0\u00a0\u00a0\u00a0\u00a0\u00a0\u00a0\u00a0 Muchas GRACIAS.<\/p><p>\u00a0\u00a0\u00a0\u00a0\u00a0\u00a0\u00a0\u00a0\u00a0\u00a0\u00a0 Muchos besos!!!!!<\/p><p>\u00a0<\/p><p>Francisco L\u00f3pez Mart\u00ednez<\/p><\/div>\n\t\t\t\t<\/div>\n\t\t\t\t<\/div>\n\t\t\t\t\t<\/div>\n\t\t<\/div>\n\t\t\t\t\t\t\t<\/div>\n\t\t<\/section>\n\t\t\t\t\t<\/div>\n\t\t<\/div>\n\t\t\t\t\t\t\t<\/div>\n\t\t<\/section>\n\t\t\t\t\t\t<\/div>\n\t\t\t\t\t<\/div>\n\t\t","protected":false},"excerpt":{"rendered":"<p>Testimonios \u00a0 Siempre he padecido de Ci\u00e1tica y no se me terminaba de ir con nada. Me hablaron de Bel\u00e9n, y pese a que no tenia demasiadas esperanzas en la reflexoterapia me ha ido genial cada vez que lo he necesitado. Es una gran profesi\u00f3n y sin duda esta t\u00e9cnica a mi me ha ido &hellip;<\/p>\n<p class=\"read-more\"> <a class=\"\" href=\"https:\/\/bhvayu.com\/index.php\/reflexoterapia\/\"> <span class=\"screen-reader-text\">Testimonios<\/span> Leer m\u00e1s &raquo;<\/a><\/p>\n","protected":false},"author":1,"featured_media":0,"parent":0,"menu_order":7,"comment_status":"closed","ping_status":"closed","template":"elementor_header_footer","meta":{"om_disable_all_campaigns":false,"_monsterinsights_skip_tracking":false,"_monsterinsights_sitenote_active":false,"_monsterinsights_sitenote_note":"","_monsterinsights_sitenote_category":0,"footnotes":""},"class_list":["post-1472","page","type-page","status-publish","hentry"],"_links":{"self":[{"href":"https:\/\/bhvayu.com\/index.php\/wp-json\/wp\/v2\/pages\/1472","targetHints":{"allow":["GET"]}}],"collection":[{"href":"https:\/\/bhvayu.com\/index.php\/wp-json\/wp\/v2\/pages"}],"about":[{"href":"https:\/\/bhvayu.com\/index.php\/wp-json\/wp\/v2\/types\/page"}],"author":[{"embeddable":true,"href":"https:\/\/bhvayu.com\/index.php\/wp-json\/wp\/v2\/users\/1"}],"replies":[{"embeddable":true,"href":"https:\/\/bhvayu.com\/index.php\/wp-json\/wp\/v2\/comments?post=1472"}],"version-history":[{"count":20,"href":"https:\/\/bhvayu.com\/index.php\/wp-json\/wp\/v2\/pages\/1472\/revisions"}],"predecessor-version":[{"id":1963,"href":"https:\/\/bhvayu.com\/index.php\/wp-json\/wp\/v2\/pages\/1472\/revisions\/1963"}],"wp:attachment":[{"href":"https:\/\/bhvayu.com\/index.php\/wp-json\/wp\/v2\/media?parent=1472"}],"curies":[{"name":"wp","href":"https:\/\/api.w.org\/{rel}","templated":true}]}}